{"id":184,"date":"2017-02-28T08:21:18","date_gmt":"2017-02-28T06:21:18","guid":{"rendered":"http:\/\/savtek.metu.edu.tr\/?page_id=184"},"modified":"2025-11-05T14:26:33","modified_gmt":"2025-11-05T11:26:33","slug":"bildiri-ozellikleri","status":"publish","type":"page","link":"https:\/\/savtek.metu.edu.tr\/index.php\/bildiri-ozellikleri\/","title":{"rendered":"B\u0130LD\u0130R\u0130"},"content":{"rendered":"<p>SAVTEK 2022 Bildiri Kitap\u00e7\u0131\u011f\u0131na <a href=\"https:\/\/drive.google.com\/file\/d\/1kgREHR1thmyU-ratMSIO2JpDL-f4XH3Z\/view?usp=sharing\">buradan<\/a> ula\u015fabilirsiniz.<\/p>\n<p>SAVTEK 2018 Bildiri Kitap\u00e7\u0131\u011f\u0131na <a href=\"https:\/\/drive.google.com\/file\/d\/1-0nAdq8VQazmpZe7M1ns3YvqPSYdzxCJ\/view\">buradan<\/a> ula\u015fabilirsiniz.<\/p>\n","protected":false},"excerpt":{"rendered":"<p>SAVTEK 2022 Bildiri Kitap\u00e7\u0131\u011f\u0131na buradan ula\u015fabilirsiniz. SAVTEK 2018 Bildiri Kitap\u00e7\u0131\u011f\u0131na buradan ula\u015fabilirsiniz.<\/p>\n","protected":false},"author":1,"featured_media":0,"parent":0,"menu_order":0,"comment_status":"closed","ping_status":"closed","template":"","meta":{"footnotes":""},"class_list":["post-184","page","type-page","status-publish","hentry"],"_links":{"self":[{"href":"https:\/\/savtek.metu.edu.tr\/index.php\/wp-json\/wp\/v2\/pages\/184","targetHints":{"allow":["GET"]}}],"collection":[{"href":"https:\/\/savtek.metu.edu.tr\/index.php\/wp-json\/wp\/v2\/pages"}],"about":[{"href":"https:\/\/savtek.metu.edu.tr\/index.php\/wp-json\/wp\/v2\/types\/page"}],"author":[{"embeddable":true,"href":"https:\/\/savtek.metu.edu.tr\/index.php\/wp-json\/wp\/v2\/users\/1"}],"replies":[{"embeddable":true,"href":"https:\/\/savtek.metu.edu.tr\/index.php\/wp-json\/wp\/v2\/comments?post=184"}],"version-history":[{"count":6,"href":"https:\/\/savtek.metu.edu.tr\/index.php\/wp-json\/wp\/v2\/pages\/184\/revisions"}],"predecessor-version":[{"id":722,"href":"https:\/\/savtek.metu.edu.tr\/index.php\/wp-json\/wp\/v2\/pages\/184\/revisions\/722"}],"wp:attachment":[{"href":"https:\/\/savtek.metu.edu.tr\/index.php\/wp-json\/wp\/v2\/media?parent=184"}],"curies":[{"name":"wp","href":"https:\/\/api.w.org\/{rel}","templated":true}]}}